{"id":989,"date":"2020-11-02T23:44:09","date_gmt":"2020-11-02T22:44:09","guid":{"rendered":"https:\/\/berliner-schneehasen.com\/?page_id=989"},"modified":"2024-10-24T16:00:12","modified_gmt":"2024-10-24T14:00:12","slug":"vereinsangebot-test","status":"publish","type":"page","link":"https:\/\/berliner-schneehasen.com\/?page_id=989","title":{"rendered":"Vereinsangebot"},"content":{"rendered":"[vc_row css=&#8220;.vc_custom_1590678784499{margin-bottom: 0px !important;padding-bottom: 0px !important;}&#8220;][vc_column][vc_tta_tabs style=&#8220;outline&#8220; color=&#8220;blue&#8220; active_section=&#8220;1&#8243;][vc_tta_section title=&#8220;Erwachsene&#8220; tab_id=&#8220;1590678707028-17a6ac82-e3fa541b-ec36&#8243;]<div class=\"vcex-sshortcode clr\">\n<table id=\"tablepress-2\" class=\"tablepress tablepress-id-2\">\n<thead>\n<tr class=\"row-1\">\n\t<th class=\"column-1\">Angebot<\/th><th class=\"column-2\">Tag<\/th><th class=\"column-3\">Uhrzeit<\/th><th class=\"column-4\">Ort<\/th><th class=\"column-5\">Teilnehmende<\/th><td class=\"column-6\"><\/td>\n<\/tr>\n<\/thead>\n<tbody class=\"row-striping row-hover\">\n<tr class=\"row-2\">\n\t<td class=\"column-1\">Beachvolleyball<br \/>\nvon April bis Oktober<\/td><td class=\"column-2\"> Freitag<\/td><td class=\"column-3\">18.30 -20.00  Uhr<\/td><td class=\"column-4\">Beachvolleyballplatz Hatzfeldtallee 27-33 13509 Berlin<\/td><td class=\"column-5\">Erwachsene<\/td><td class=\"column-6\"><\/td>\n<\/tr>\n<tr class=\"row-3\">\n\t<td class=\"column-1\">Fitness<\/td><td class=\"column-2\">Montag<\/td><td class=\"column-3\">18.30-20.00 Uhr<br \/>\n<\/td><td class=\"column-4\">Alfred-Brehm-Schule              Ascheberger Weg 8 <br \/>\n13507 Berlin     <\/td><td class=\"column-5\">Erwachsene 50+<\/td><td class=\"column-6\"><\/td>\n<\/tr>\n<tr class=\"row-4\">\n\t<td class=\"column-1\">Fitness<\/td><td class=\"column-2\">Montag<\/td><td class=\"column-3\">18.00-20.00 Uhr<\/td><td class=\"column-4\">19.OS Randowstr. 5 13057 Berlin<\/td><td class=\"column-5\">Erwachsene 25+<\/td><td class=\"column-6\"><\/td>\n<\/tr>\n<tr class=\"row-5\">\n\t<td class=\"column-1\">Fitness<\/td><td class=\"column-2\">Montag<\/td><td class=\"column-3\">20.00-21.45 Uhr<\/td><td class=\"column-4\">Georg-B\u00fcchner-OS Lichtenrader D. 224<br \/>\nEingang  Finchleystr.<br \/>\n12305 Berlin<br \/>\n<\/td><td class=\"column-5\">Erwachsene 40+<\/td><td class=\"column-6\"><\/td>\n<\/tr>\n<tr class=\"row-6\">\n\t<td class=\"column-1\">Fitness<\/td><td class=\"column-2\">Mittwoch<\/td><td class=\"column-3\">19.00-21.45 Uhr<br \/>\nTeilnehmerInnen gesucht !<\/td><td class=\"column-4\">GS am Tegelschen Ort<br \/>\nGerlindeweg 11<br \/>\n13505 Berlin<\/td><td class=\"column-5\">Erwachsene 70+<\/td><td class=\"column-6\"><\/td>\n<\/tr>\n<tr class=\"row-7\">\n\t<td class=\"column-1\"><\/td><td class=\"column-2\"><\/td><td class=\"column-3\"><\/td><td class=\"column-4\"><\/td><td class=\"column-5\"><\/td><td class=\"column-6\"><\/td>\n<\/tr>\n<tr class=\"row-8\">\n\t<td class=\"column-1\">Fitness<\/td><td class=\"column-2\">Donnerstag<\/td><td class=\"column-3\">18.15-19.15 Uhr<\/td><td class=\"column-4\">Ev.Schule Frohnau,<br \/>\nEingang Sigismundkorso<\/td><td class=\"column-5\">Erwachsene 60+<\/td><td class=\"column-6\"><\/td>\n<\/tr>\n<tr class=\"row-9\">\n\t<td class=\"column-1\">Fitness<\/td><td class=\"column-2\">Donnerstag<\/td><td class=\"column-3\">20.00-21.45 Uhr<\/td><td class=\"column-4\">Tempelherren-Schule<br \/>\nBoelckestr. 58<br \/>\n12101 Berlin<\/td><td class=\"column-5\">Erwachsene 40+<\/td><td class=\"column-6\"><\/td>\n<\/tr>\n<tr class=\"row-10\">\n\t<td class=\"column-1\">Konditionstraining mit Ballspielen (Fu\u00dfball,Basketball,<br \/>\netc.)<\/td><td class=\"column-2\">Donnerstag<\/td><td class=\"column-3\">20.00 - 21.30 Uhr<\/td><td class=\"column-4\">Victor-Gollancz-Schule,<br \/>\nGollanczstr. 18-24,<br \/>\n13465 Berlin<\/td><td class=\"column-5\">Erwachsene ab 18 +<\/td><td class=\"column-6\"><\/td>\n<\/tr>\n<tr class=\"row-11\">\n\t<td class=\"column-1\">Nordic-Walking<\/td><td class=\"column-2\">Mittwoch<\/td><td class=\"column-3\">10.00-11.30 Uhr<\/td><td class=\"column-4\">Hermsdorfer Forst\/Ende Schulzendorfer Str.<br \/>\n13467 Berlin<\/td><td class=\"column-5\">Erwachsene<\/td><td class=\"column-6\"><\/td>\n<\/tr>\n<tr class=\"row-12\">\n\t<td class=\"column-1\">Pilates f\u00fcr Anf\u00e4nger und Fortgeschrittene<\/td><td class=\"column-2\">Dienstag<\/td><td class=\"column-3\">17.00-18.00 Uhr<\/td><td class=\"column-4\">Victor-Gollancz-Grundschule, Gollanczstr. 18-24<br \/>\n13465 Berlin <\/td><td class=\"column-5\">Erwachsene<\/td><td class=\"column-6\"><\/td>\n<\/tr>\n<tr class=\"row-13\">\n\t<td class=\"column-1\">Volleyball<\/td><td class=\"column-2\">Mittwoch<\/td><td class=\"column-3\">18.30-20.00 Uhr<\/td><td class=\"column-4\">Georg-Herwegh-Gymnasium<br \/>\nFellbacher Stra\u00dfe 1 13467 Berlin<\/td><td class=\"column-5\">Jugendliche ab 17+<\/td><td class=\"column-6\"><\/td>\n<\/tr>\n<tr class=\"row-14\">\n\t<td class=\"column-1\">Volleyball<\/td><td class=\"column-2\">Dienstag<\/td><td class=\"column-3\">19.45-21.45 Uhr<\/td><td class=\"column-4\">Georg-Herwegh-Gymnasium<br \/>\nFellbacher Stra\u00dfe 1  13467 Berlin <\/td><td class=\"column-5\">Erwachsene 35+<\/td><td class=\"column-6\"><\/td>\n<\/tr>\n<tr class=\"row-15\">\n\t<td class=\"column-1\">Volleyball<\/td><td class=\"column-2\">Donnerstag<\/td><td class=\"column-3\">20.00-21.45 Uhr<\/td><td class=\"column-4\">Ev.Schule Frohnau,<br \/>\nEingang Sigismundkorso<\/td><td class=\"column-5\">Fortgeschrittene 30+<\/td><td class=\"column-6\"><\/td>\n<\/tr>\n<tr class=\"row-16\">\n\t<td class=\"column-1\">Waldlauf<\/td><td class=\"column-2\">Sonntag<\/td><td class=\"column-3\">08.15-09.15 Uhr<\/td><td class=\"column-4\">Lichtenrader W\u00e4ldchen          Treffpunkt Kirchhainer Damm\/  H\u00f6he Jugendarrestanstalt<\/td><td class=\"column-5\">Erwachsene<\/td><td class=\"column-6\"><\/td>\n<\/tr>\n<tr class=\"row-17\">\n\t<td class=\"column-1\">Wirbels\u00e4ulengymnastik<\/td><td class=\"column-2\">Dienstag <\/td><td class=\"column-3\">18.30-19.30 Uhr<br \/>\nPl\u00e4tze frei !<\/td><td class=\"column-4\">Georg-Herwegh-Gymnasium<br \/>\nFellbacher Stra\u00dfe 1              13467 Berlin<\/td><td class=\"column-5\">Erwachsene<\/td><td class=\"column-6\"><\/td>\n<\/tr>\n<tr class=\"row-18\">\n\t<td class=\"column-1\">Volleyball<\/td><td class=\"column-2\">Mittwoch<\/td><td class=\"column-3\">20.00-21.45 Uhr <br \/>\nTeilnehmerInnen gesucht <\/td><td class=\"column-4\">Georg-Herwegh-Schule<\/td><td class=\"column-5\">Erwachsene<\/td><td class=\"column-6\"><\/td>\n<\/tr>\n<tr class=\"row-19\">\n\t<td class=\"column-1\">Pickleball und mehr<br \/>\nes sind noch Pl\u00e4tze frei<\/td><td class=\"column-2\">Samstags<\/td><td class=\"column-3\">10.00-12.00 Uhr<\/td><td class=\"column-4\">Carl-Bosch-Schule \/ Frohnauerstr. 75<\/td><td class=\"column-5\">ab 15 +<\/td><td class=\"column-6\"><\/td>\n<\/tr>\n<\/tbody>\n<\/table>\n<!-- #tablepress-2 from cache --><\/div>[\/vc_tta_section][vc_tta_section title=&#8220;Kinder und Jugendliche&#8220; tab_id=&#8220;1604494816790-7c44bfc0-9894&#8243;]<div class=\"vcex-sshortcode clr\">\n<table id=\"tablepress-3\" class=\"tablepress tablepress-id-3\">\n<thead>\n<tr class=\"row-1\">\n\t<th class=\"column-1\">Was ?<\/th><th class=\"column-2\">Tag<\/th><th class=\"column-3\">Uhrzeit<\/th><th class=\"column-4\">Wo ?<\/th><th class=\"column-5\">Wer ?<\/th><td class=\"column-6\"><\/td>\n<\/tr>\n<\/thead>\n<tbody class=\"row-striping row-hover\">\n<tr class=\"row-2\">\n\t<td class=\"column-1\"><\/td><td class=\"column-2\"><\/td><td class=\"column-3\"><\/td><td class=\"column-4\"><\/td><td class=\"column-5\"><\/td><td class=\"column-6\"><\/td>\n<\/tr>\n<tr class=\"row-3\">\n\t<td class=\"column-1\">Eltern-Kind-Turnen<br \/>\n<br \/>\n<\/td><td class=\"column-2\">Montag<\/td><td class=\"column-3\">16.00-17.00 Uhr<\/td><td class=\"column-4\">Grundschule Glienicke<br \/>\nHauptstra\u00dfe 63\/64<br \/>\n16548 Glienicke \/Nordbahn<\/td><td class=\"column-5\">Kinder 2 - 5<\/td><td class=\"column-6\"><\/td>\n<\/tr>\n<tr class=\"row-4\">\n\t<td class=\"column-1\">Eltern-Kind-Turnen<br \/>\n<br \/>\n<\/td><td class=\"column-2\">Montag<\/td><td class=\"column-3\">16.15-17.15 Uhr<\/td><td class=\"column-4\">Victor-Gollancz-Grundschule<br \/>\nGollanczstr. 18-24<br \/>\n13465 Berlin (Frohnau)<\/td><td class=\"column-5\">Kinder 2 - 5<\/td><td class=\"column-6\"><\/td>\n<\/tr>\n<tr class=\"row-5\">\n\t<td class=\"column-1\">Kinderturnen<br \/>\n<br \/>\nAUFNAHMESTOP<\/td><td class=\"column-2\">Montag<\/td><td class=\"column-3\">17.15-18-10 Uhr<\/td><td class=\"column-4\">Victor-Gollancz-Grundschule<br \/>\nGollanczstr. 18-24<br \/>\n13465 Berlin (Frohnau)<br \/>\n<\/td><td class=\"column-5\">Kinder 5 \u2013 9<\/td><td class=\"column-6\"><\/td>\n<\/tr>\n<tr class=\"row-6\">\n\t<td class=\"column-1\">Ballspiele <\/td><td class=\"column-2\">Montag<\/td><td class=\"column-3\">18.15-19.15 Uhr<\/td><td class=\"column-4\">Victor-Gollancz-Grundschule<br \/>\nGollanczstr. 18-24<br \/>\n13465 Berlin (Frohnau)<\/td><td class=\"column-5\">Kinder ab 9<\/td><td class=\"column-6\"><\/td>\n<\/tr>\n<tr class=\"row-7\">\n\t<td class=\"column-1\">Eltern-Kind-Turnen<br \/>\n<br \/>\n<\/td><td class=\"column-2\">Mittwoch<\/td><td class=\"column-3\">16.00-17.00 Uhr<\/td><td class=\"column-4\">Victor-Gollancz-Grundschule <br \/>\nGollanczstr. 18-24<br \/>\n13465 Berlin (Frohnau)<br \/>\n<\/td><td class=\"column-5\">Kinder 2 - 5<\/td><td class=\"column-6\"><\/td>\n<\/tr>\n<tr class=\"row-8\">\n\t<td class=\"column-1\">Trampolin<\/td><td class=\"column-2\">Freitag<\/td><td class=\"column-3\">18.00-20.00 Uhr<\/td><td class=\"column-4\">Victor-Gollancz-Grundschule <br \/>\nGollanczstr. 18-24<br \/>\n13465 Berlin (Frohnau)<br \/>\n<\/td><td class=\"column-5\">Kinder ab 7<\/td><td class=\"column-6\"><\/td>\n<\/tr>\n<tr class=\"row-9\">\n\t<td class=\"column-1\">Pickleball &amp; more<\/td><td class=\"column-2\">Samstag<\/td><td class=\"column-3\">10.00-12.00 Uhr<\/td><td class=\"column-4\">Carl-Bosch-Schule \/ Frohnauerstr. 75<\/td><td class=\"column-5\">Jugendliche ab 15 Jahre<\/td><td class=\"column-6\">ab dem 12.10.2024<\/td>\n<\/tr>\n<tr class=\"row-10\">\n\t<td class=\"column-1\">Bitte beachten Sie:<br \/>\nAufgrund der hohen Nachfrage f\u00fchren wir  f\u00fcr alle Eltern-Kind-Kurse und das Kinderturnen Wartelisten. Bitte schreiben Sie uns eine Mail an info@berliner-schneehasen.de mit Angabe des Namens Ihres Kindes , des Alters und Ihrer Telefonnummer.<br \/>\nSobald wir freie Pl\u00e4tze vergeben k\u00f6nnen, werden Sie benachrichtigt und erhalten die M\u00f6glichkeit einer Probestunde.<br \/>\n<br \/>\n<\/td><td class=\"column-2\"><\/td><td class=\"column-3\"><\/td><td class=\"column-4\"><\/td><td class=\"column-5\"><\/td><td class=\"column-6\"><\/td>\n<\/tr>\n<\/tbody>\n<\/table>\n<!-- #tablepress-3 from cache --><\/div>[\/vc_tta_section][\/vc_tta_tabs][\/vc_column][vc_column][\/vc_column][\/vc_row][vc_row][vc_column][\/vc_column][\/vc_row]\n","protected":false},"excerpt":{"rendered":"<p>[vc_row css=&#8220;.vc_custom_1590678784499{margin-bottom: 0px !important;padding-bottom: 0px !important;}&#8220;][vc_column][vc_tta_tabs style=&#8220;outline&#8220; color=&#8220;blue&#8220; active_section=&#8220;1&#8243;][vc_tta_section title=&#8220;Erwachsene&#8220; tab_id=&#8220;1590678707028-17a6ac82-e3fa541b-ec36&#8243;][\/vc_tta_section][vc_tta_section title=&#8220;Kinder und Jugendliche&#8220; tab_id=&#8220;1604494816790-7c44bfc0-9894&#8243;][\/vc_tta_section][\/vc_tta_tabs][\/vc_column][vc_column][\/vc_column][\/vc_row][vc_row][vc_column][\/vc_column][\/vc_row]<\/p>\n","protected":false},"author":3,"featured_media":0,"parent":0,"menu_order":0,"comment_status":"closed","ping_status":"closed","template":"","meta":{"footnotes":""},"class_list":["post-989","page","type-page","status-publish","hentry","entry","no-media"],"_links":{"self":[{"href":"https:\/\/berliner-schneehasen.com\/index.php?rest_route=\/wp\/v2\/pages\/989","targetHints":{"allow":["GET"]}}],"collection":[{"href":"https:\/\/berliner-schneehasen.com\/index.php?rest_route=\/wp\/v2\/pages"}],"about":[{"href":"https:\/\/berliner-schneehasen.com\/index.php?rest_route=\/wp\/v2\/types\/page"}],"author":[{"embeddable":true,"href":"https:\/\/berliner-schneehasen.com\/index.php?rest_route=\/wp\/v2\/users\/3"}],"replies":[{"embeddable":true,"href":"https:\/\/berliner-schneehasen.com\/index.php?rest_route=%2Fwp%2Fv2%2Fcomments&post=989"}],"version-history":[{"count":18,"href":"https:\/\/berliner-schneehasen.com\/index.php?rest_route=\/wp\/v2\/pages\/989\/revisions"}],"predecessor-version":[{"id":1364,"href":"https:\/\/berliner-schneehasen.com\/index.php?rest_route=\/wp\/v2\/pages\/989\/revisions\/1364"}],"wp:attachment":[{"href":"https:\/\/berliner-schneehasen.com\/index.php?rest_route=%2Fwp%2Fv2%2Fmedia&parent=989"}],"curies":[{"name":"wp","href":"https:\/\/api.w.org\/{rel}","templated":true}]}}