{"id":638,"date":"2020-05-04T14:57:25","date_gmt":"2020-05-04T12:57:25","guid":{"rendered":"https:\/\/berliner-schneehasen.com%20?page_id=638"},"modified":"2026-04-07T12:51:22","modified_gmt":"2026-04-07T10:51:22","slug":"kursprogramm","status":"publish","type":"page","link":"https:\/\/berliner-schneehasen.com\/?page_id=638","title":{"rendered":"Kursprogramm"},"content":{"rendered":"[vc_row center_row=&#8220;&#8220;][vc_column]<div class=\"vcex-spacing\" style=\"height:10px\"><\/div>[vc_column_text]\n<table style=\"border-collapse: collapse; width: 99.7352%; height: 792px;\">\n<tbody>\n<tr style=\"height: 48px;\">\n<td style=\"width: 6.978%; height: 104px;\"><strong>\u00a0<\/strong><\/td>\n<td style=\"width: 6.978%; height: 104px;\"><strong>Tag<\/strong><\/td>\n<td style=\"width: 14.8605%; height: 104px;\" width=\"112\"><strong>Halle<\/strong><\/td>\n<td style=\"width: 13.8882%; height: 104px;\" width=\"104\"><strong>Uhrzeit<\/strong><\/td>\n<td style=\"width: 40.9942%; height: 104px;\" width=\"227\"><strong>Thema<\/strong><\/td>\n<td style=\"width: 16.2154%; height: 104px;\" width=\"142\"><strong>Kursgeb\u00fchren\/BS erm\u00e4\u00dfigte Geb\u00fchren<\/strong><\/p>\n<p>&nbsp;<\/td>\n<\/tr>\n<tr style=\"height: 112px;\">\n<td style=\"width: 6.978%; height: 109px;\"><strong>\u00a0<\/strong><\/td>\n<td style=\"width: 6.978%; height: 109px;\"><strong>\u00a0Montag<\/strong><\/td>\n<td style=\"width: 14.8605%; height: 109px;\" width=\"112\">Obere Halle<\/td>\n<td style=\"width: 13.8882%; height: 109px;\" width=\"104\">17:45 &#8211; 18:45<\/td>\n<td style=\"width: 40.9942%; height: 109px;\" width=\"227\"><strong>Sport, Spiel und Spa\u00df\u00a0 (7-10 Jahre)<\/strong><\/td>\n<td style=\"width: 16.2154%; height: 109px;\" width=\"142\">\n<h2><span style=\"font-size: 16px; color: #333333;\"><strong>\u20ac 80.-\/BS \u20ac 60.-<\/strong><\/span><\/h2>\n<\/td>\n<\/tr>\n<tr style=\"height: 10px;\">\n<td style=\"width: 6.978%; height: 48px;\"><strong>\u00a0<\/strong><\/td>\n<td style=\"width: 6.978%; height: 48px;\"><strong>\u00a0<\/strong><\/td>\n<td style=\"width: 14.8605%; height: 48px;\" width=\"112\">Obere Halle<\/td>\n<td style=\"width: 13.8882%; height: 48px;\" width=\"104\">19:10 \u2013 20:30<\/td>\n<td style=\"width: 40.9942%; height: 48px;\" width=\"227\"><strong>Yoga<\/strong><\/td>\n<td style=\"width: 16.2154%; height: 48px;\" width=\"142\"><span style=\"font-size: 16px;\"><strong>\u20ac 95.- \/BS \u20ac 75.-<\/strong><\/span><\/td>\n<\/tr>\n<tr style=\"height: 16px;\">\n<td style=\"width: 6.978%; height: 75px;\"><strong>\u00a0<\/strong><\/td>\n<td style=\"width: 6.978%; height: 75px;\"><strong>\u00a0<\/strong><\/td>\n<td style=\"width: 14.8605%; height: 75px;\" width=\"112\">Obere Halle<\/td>\n<td style=\"width: 13.8882%; height: 75px;\" width=\"104\">20:30 \u2013 21:30<\/td>\n<td style=\"width: 40.9942%; height: 75px;\" width=\"227\"><strong>After Work Sport <\/strong><\/p>\n<p><span style=\"font-size: 12px;\"><strong>\u00a0jetzt mit Sturzprophylaxe<\/strong><\/span><\/p>\n<p><strong><span style=\"color: #ff0000;\">Freie Pl\u00e4tze<\/span><\/strong><\/td>\n<td style=\"width: 16.2154%; height: 75px;\" width=\"142\">\n<h2><span style=\"font-size: 16px; color: #000000;\"><strong>\u20ac 100.-\/BS \u20ac 85.-<\/strong><\/span><\/h2>\n<\/td>\n<\/tr>\n<tr style=\"height: 24px;\">\n<td style=\"width: 6.978%; height: 48px;\"><strong>\u00a0<\/strong><\/td>\n<td style=\"width: 6.978%; height: 48px;\"><strong>\u00a0<\/strong><\/td>\n<td style=\"width: 14.8605%; height: 48px;\" width=\"112\">Untere Halle<\/td>\n<td style=\"width: 13.8882%; height: 48px;\" width=\"104\">19:30 \u2013 20.30<\/td>\n<td style=\"width: 40.9942%; height: 48px;\" width=\"227\"><strong>Badminton II &#8211; <span style=\"color: #ff0000; font-size: 10px;\"><span style=\"text-decoration: underline;\">Es\u00a0 sind noch Pl\u00e4tze frei<\/span><\/span><\/strong><\/td>\n<td style=\"width: 16.2154%; height: 48px;\" width=\"142\"><span style=\"font-size: 16px;\"><strong>\u20ac 95.-\/BS \u20ac 70.-<\/strong><\/span><\/td>\n<\/tr>\n<tr style=\"height: 24px;\">\n<td style=\"width: 6.978%; height: 48px;\"><strong>\u00a0<\/strong><\/td>\n<td style=\"width: 6.978%; height: 48px;\"><strong>\u00a0<\/strong><\/td>\n<td style=\"width: 14.8605%; height: 48px;\" width=\"112\">Untere Halle<\/td>\n<td style=\"width: 13.8882%; height: 48px;\" width=\"104\">20:30 \u2013 21:30<\/td>\n<td style=\"width: 40.9942%; height: 48px;\" width=\"227\"><strong>Badminton III &#8211; <span style=\"color: #ff0000; font-size: 10px;\"><span style=\"text-decoration: underline;\">Es\u00a0 sind noch Pl\u00e4tze frei<\/span><\/span><\/strong><\/td>\n<td style=\"width: 16.2154%; height: 48px;\" width=\"142\"><span style=\"font-size: 16px;\"><strong>\u20ac 95.-\/BS \u20ac 70.-<\/strong><\/span><\/td>\n<\/tr>\n<tr style=\"height: 24px;\">\n<td style=\"width: 6.978%; height: 24px;\"><strong>\u00a0<\/strong><\/td>\n<td style=\"width: 6.978%; height: 24px;\"><strong>Dienstag<\/strong><\/td>\n<td style=\"width: 14.8605%; height: 24px;\" width=\"112\">Obere Halle<\/td>\n<td style=\"width: 13.8882%; height: 24px;\" width=\"104\">18:50 &#8211;\u00a0 19:50<\/td>\n<td style=\"width: 40.9942%; height: 24px;\" width=\"227\"><strong><span style=\"font-size: 21px;\">Zumba <span style=\"font-size: 10px; color: #ff0000;\">(Achtung vom 10.02.-16.06.2026)<\/span><\/span><\/strong><\/td>\n<td style=\"width: 16.2154%; height: 24px;\" width=\"142\"><strong>\u20ac 90,- \/ BS \u20ac 75,-<\/strong><\/td>\n<\/tr>\n<tr style=\"height: 24px;\">\n<td style=\"width: 6.978%; height: 48px;\"><strong>\u00a0<\/strong><\/td>\n<td style=\"width: 6.978%; height: 48px;\"><strong>\u00a0<\/strong><\/td>\n<td style=\"width: 14.8605%; height: 48px;\" width=\"112\">Obere Halle<\/td>\n<td style=\"width: 13.8882%; height: 48px;\" width=\"104\">20:00 &#8211; 21:30<\/td>\n<td style=\"width: 40.9942%; height: 48px;\" width=\"227\"><strong>Bauch, Beine, Po, R\u00fccken und mehr<\/strong><\/td>\n<td style=\"width: 16.2154%; height: 48px;\" width=\"142\"><span style=\"font-size: 16px;\"><strong>\u20ac 115.-\/BS \u20ac 85.-<\/strong><\/span><\/td>\n<\/tr>\n<tr style=\"height: 24px;\">\n<td style=\"width: 6.978%; height: 24px;\"><strong>\u00a0<\/strong><\/td>\n<td style=\"width: 6.978%; height: 24px;\"><strong>Mittwoch<\/strong><\/td>\n<td style=\"width: 14.8605%; height: 24px;\" width=\"112\">Obere Halle<\/td>\n<td style=\"width: 13.8882%; height: 24px;\" width=\"104\">18:00 &#8211; 19:30<\/td>\n<td style=\"width: 40.9942%; height: 24px;\" width=\"227\"><strong>Volleyball \u2013 ab 13 Jahren<\/strong><\/p>\n<p><span style=\"color: #ff0000;\"><strong> Freie Pl\u00e4tze<\/strong><\/span><\/td>\n<td style=\"width: 16.2154%; height: 24px;\" width=\"142\"><span style=\"font-size: 16px;\"><strong>\u20ac 95.-\/BS \u20ac 75.-<\/strong><\/span><\/td>\n<\/tr>\n<tr style=\"height: 24px;\">\n<td style=\"width: 6.978%; height: 48px;\"><strong>\u00a0<\/strong><\/td>\n<td style=\"width: 6.978%; height: 48px;\"><strong>\u00a0<\/strong><\/td>\n<td style=\"width: 14.8605%; height: 48px;\" width=\"112\">Obere Halle<\/td>\n<td style=\"width: 13.8882%; height: 48px;\" width=\"104\">20:00 &#8211; 21:00<\/td>\n<td style=\"width: 40.9942%; height: 48px;\" width=\"227\"><span style=\"font-size: 16px;\"><strong>Pilates und Fitness mit Flexibar<\/strong><\/span><\/p>\n<p><strong><span style=\"font-size: 16px; color: #ff0000;\">Freie Pl\u00e4tze<\/span><\/strong><\/td>\n<td style=\"width: 16.2154%; height: 48px;\" width=\"142\"><span style=\"font-size: 16px;\"><strong>\u20ac 125.-\/BS \u20ac 95.-<\/strong><\/span><\/td>\n<\/tr>\n<tr style=\"height: 48px;\">\n<td style=\"width: 6.978%; height: 48px;\"><strong>\u00a0<\/strong><\/td>\n<td style=\"width: 6.978%; height: 48px;\"><strong><br \/>\nDonnerstag<\/strong><\/td>\n<td style=\"width: 14.8605%; height: 48px;\" width=\"112\">Sch\u00f6nflie\u00dfer Str. 12a, 13465<\/td>\n<td style=\"width: 13.8882%; height: 48px;\" width=\"104\">08:00 \u2013 09:00<\/td>\n<td style=\"width: 40.9942%; height: 48px;\" width=\"227\"><strong>Pilates\u00a0 \u00a0 \u00a0<\/strong><\/td>\n<td style=\"width: 16.2154%; height: 48px;\" width=\"142\"><span style=\"font-size: 16px;\"><strong>\u20ac 115.-\/BS \u20ac 90.-<\/strong><\/span><\/td>\n<\/tr>\n<tr style=\"height: 24px;\">\n<td style=\"width: 6.978%; height: 48px;\"><strong>\u00a0<\/strong><\/td>\n<td style=\"width: 6.978%; height: 48px;\"><strong>\u00a0<\/strong><\/td>\n<td style=\"width: 14.8605%; height: 48px;\" width=\"112\">Sch\u00f6nflie\u00dfer Str. 12a, 13465<\/td>\n<td style=\"width: 13.8882%; height: 48px;\" width=\"104\">09:15 \u2013 10:15<\/td>\n<td style=\"width: 40.9942%; height: 48px;\" width=\"227\"><strong>Pilates\u00a0 \u00a0 \u00a0\u00a0<\/strong><\/td>\n<td style=\"width: 16.2154%; height: 48px;\" width=\"142\"><span style=\"font-size: 16px;\"><strong>\u20ac 115.-\/BS \u20ac 90.-<\/strong><\/span><\/td>\n<\/tr>\n<tr style=\"height: 48px;\">\n<td style=\"width: 6.978%; height: 48px;\"><strong>\u00a0<\/strong><\/td>\n<td style=\"width: 6.978%; height: 48px;\"><strong>\u00a0<\/strong><\/td>\n<td style=\"width: 14.8605%; height: 48px;\">Sch\u00f6nflie\u00dfer Str. 12 a, 13465<\/td>\n<td style=\"width: 13.8882%; height: 48px;\">10:30 &#8211; 11:30<\/td>\n<td style=\"width: 40.9942%; height: 48px;\"><strong>Pilates\u00a0\u00a0<\/strong><\/td>\n<td style=\"width: 16.2154%; height: 48px;\"><span style=\"font-size: 16px;\"><strong>\u20ac 115.-\/BS \u20ac 90.-<\/strong><\/span><\/td>\n<\/tr>\n<tr style=\"height: 24px;\">\n<td style=\"width: 6.978%; height: 48px;\"><strong>\u00a0<\/strong><\/td>\n<td style=\"width: 6.978%; height: 48px;\"><strong>\u00a0<\/strong><\/td>\n<td style=\"width: 14.8605%; height: 48px;\" width=\"112\">Obere Halle<\/td>\n<td style=\"width: 13.8882%; height: 48px;\" width=\"104\">19:15 &#8211; 20:30<\/td>\n<td style=\"width: 40.9942%; height: 48px;\" width=\"227\"><span style=\"color: #ff0000; font-size: 21px;\"><strong><span style=\"color: #000000;\"><span style=\"font-size: 16px;\">Pickleball<\/span>\u00a0<\/span> \u00a0 \u00a0<\/strong><\/span><\/td>\n<td style=\"width: 16.2154%; height: 48px;\" width=\"142\"><span style=\"font-size: 16px;\"><strong>\u20ac 95.-\/BS \u20ac 70.-<\/strong><\/span><\/td>\n<\/tr>\n<tr style=\"height: 24px;\">\n<td style=\"width: 6.978%; height: 24px;\"><strong>\u00a0<\/strong><\/td>\n<td style=\"width: 6.978%; height: 24px;\"><strong>\u00a0<\/strong><\/td>\n<td style=\"width: 14.8605%; height: 24px;\">Obere Halle<\/td>\n<td style=\"width: 13.8882%; height: 24px;\">20:30 &#8211; 21:30<\/td>\n<td style=\"width: 40.9942%; height: 24px;\"><strong>Badminton I<br \/>\n<\/strong><\/td>\n<td style=\"width: 16.2154%; height: 24px;\"><span style=\"font-size: 16px;\"><strong>\u20ac 95.-\/BS \u20ac 70.-<\/strong><\/span><\/td>\n<\/tr>\n<\/tbody>\n<\/table>\n[\/vc_column_text][\/vc_column][\/vc_row][vc_row column_spacing=&#8220;50&#8243;][vc_column][vc_column_text]Liebe Kursteilnehmerinnen und Kursteilnehmer des <strong>Mit Freude fit<\/strong>-Kursprogramms,<\/p>\n<p>wir begr\u00fc\u00dfen Sie als Teilnehmer eines unserer Kurse und freuen uns, Ihnen ein so vielf\u00e4ltiges und umfangreiches Programm auch wieder in diesem Jahr anzubieten.<\/p>\n<p><strong>Unsere Kontoverbindung :<\/strong><\/p>\n<p><strong>Berliner Schneehasen e.V.<br \/>\nIBAN: DE15 1005 0000 0190 9899 71<br \/>\nBIC:\u00a0\u00a0 BELADEBEXXX<\/strong><\/p>\n<p>Bitte bei der \u00dcberweisung immer den Kurs und den Namen des Kursteilnehmers \/ der Kursteilnehmerin angeben!<\/p>\n<p><em>\u00a0<\/em><span style=\"color: #ff0000;\"><u><strong>Wir bitten um Bezahlung der Kursgeb\u00fchren bis zum 31. Januar 2026<\/strong><\/u><\/span><\/p>\n<ul>\n<li>Die Kursteilnahme ab Februar\u00a0 2025 ist nur dann m\u00f6glich, wenn die Kursbeitr\u00e4ge p\u00fcnktlich \u00fcberwiesen wurden. Bei nicht fristgerechter Zahlung erheben wir eine Geb\u00fchr in H\u00f6he von 8,00 \u20ac.<\/li>\n<li>Ein Einstieg in die Kurse ist jederzeit m\u00f6glich, sofern freie Pl\u00e4tze vorhanden sind. Bitte fragen Sie in der Gesch\u00e4ftsstelle nach.<\/li>\n<li><strong>Das sollten Sie beachten<\/strong>:\n<ul>\n<li>Die KursteilnehmerInnen sind f\u00fcr einen Unfallversicherungsschutz selbst verantwortlich. Seitens des Vereins besteht kein Versicherungsschutz.<\/li>\n<li>Der Verein \u00fcbernimmt keine Haftung f\u00fcr Sch\u00e4den, die den Teilnehmer\/-innen bei einer Kursveranstaltung durch Besch\u00e4digung oder Verlust von pers\u00f6nlichem Eigentum entstehen.<\/li>\n<li>Den TeilnehmerInnen wird vor Kursbeginn eine sport\u00e4rztliche Untersuchung empfohlen.<\/li>\n<\/ul>\n<\/li>\n<\/ul>\n<p style=\"text-align: center;\"><strong><u>Weitere Infos \u00fcber die Gesch\u00e4ftsstelle der BS:<\/u><\/strong><\/p>\n<p style=\"text-align: center;\"><strong>Sch\u00f6nflie\u00dfer Stra\u00dfe 12 a, 13465 Berlin, Telefon: 4010 35 37, info@berliner-schneehasen.de<\/strong><\/p>\n[\/vc_column_text][\/vc_column][\/vc_row][vc_row full_width=&#8220;stretch_row&#8220; remove_bottom_col_margin=&#8220;true&#8220; css=&#8220;.vc_custom_1588597375245{margin-top: 0px !important;padding-top: 80px !important;padding-bottom: 80px !important;background-image: url(http:\/\/berliner-schneehasen.com\/wp-content\/uploads\/2020\/02\/titel-oben-dunkler.jpg?id=280) !important;background-position: center !important;background-repeat: no-repeat !important;background-size: cover !important;}&#8220; el_class=&#8220;bg-fixed&#8220;][vc_column margin_bottom=&#8220;0px&#8220;]<div class=\"vcex-spacing\" style=\"height:10px\"><\/div><div class=\"vcex-spacing\" style=\"height:10px\"><\/div>[\/vc_column][\/vc_row]\n","protected":false},"excerpt":{"rendered":"<p>[vc_row center_row=&#8220;&#8220;][vc_column][vc_column_text] \u00a0 Tag Halle Uhrzeit Thema Kursgeb\u00fchren\/BS erm\u00e4\u00dfigte Geb\u00fchren &nbsp; \u00a0 \u00a0Montag Obere Halle 17:45 &#8211; 18:45 Sport, Spiel und Spa\u00df\u00a0 (7-10 Jahre) \u20ac 80.-\/BS \u20ac 60.- \u00a0 \u00a0 Obere Halle 19:10 \u2013 20:30 Yoga \u20ac 95.- \/BS \u20ac 75.- \u00a0 \u00a0 Obere Halle 20:30 \u2013 21:30 After Work Sport \u00a0jetzt mit Sturzprophylaxe Freie&hellip;<\/p>\n","protected":false},"author":1,"featured_media":0,"parent":0,"menu_order":0,"comment_status":"closed","ping_status":"closed","template":"","meta":{"footnotes":""},"class_list":["post-638","page","type-page","status-publish","hentry","entry","no-media"],"_links":{"self":[{"href":"https:\/\/berliner-schneehasen.com\/index.php?rest_route=\/wp\/v2\/pages\/638","targetHints":{"allow":["GET"]}}],"collection":[{"href":"https:\/\/berliner-schneehasen.com\/index.php?rest_route=\/wp\/v2\/pages"}],"about":[{"href":"https:\/\/berliner-schneehasen.com\/index.php?rest_route=\/wp\/v2\/types\/page"}],"author":[{"embeddable":true,"href":"https:\/\/berliner-schneehasen.com\/index.php?rest_route=\/wp\/v2\/users\/1"}],"replies":[{"embeddable":true,"href":"https:\/\/berliner-schneehasen.com\/index.php?rest_route=%2Fwp%2Fv2%2Fcomments&post=638"}],"version-history":[{"count":119,"href":"https:\/\/berliner-schneehasen.com\/index.php?rest_route=\/wp\/v2\/pages\/638\/revisions"}],"predecessor-version":[{"id":1732,"href":"https:\/\/berliner-schneehasen.com\/index.php?rest_route=\/wp\/v2\/pages\/638\/revisions\/1732"}],"wp:attachment":[{"href":"https:\/\/berliner-schneehasen.com\/index.php?rest_route=%2Fwp%2Fv2%2Fmedia&parent=638"}],"curies":[{"name":"wp","href":"https:\/\/api.w.org\/{rel}","templated":true}]}}