{"id":63,"date":"2015-01-16T23:15:21","date_gmt":"2015-01-16T23:15:21","guid":{"rendered":"http:\/\/totaltheme.wpengine.com\/portfolio\/?page_id=63"},"modified":"2020-05-30T09:14:28","modified_gmt":"2020-05-30T07:14:28","slug":"contact","status":"publish","type":"page","link":"https:\/\/berliner-schneehasen.com\/?page_id=63","title":{"rendered":"Kontakt"},"content":{"rendered":"[vc_row center_row=&#8220;&#8220;][vc_column][vc_column_text responsive_text=&#8220;true&#8220; text_align=&#8220;left&#8220; font_size=&#8220;18px&#8220; color=&#8220;#316dc5&#8243;]Haben Sie Fragen, Anregungen oder m\u00f6chten Sie sich als \u00dcbungsleiter,<br \/>\nTrainer oder Helfer bei uns bewerben, dann sind Sie hier richtig.[\/vc_column_text][\/vc_column][\/vc_row][vc_row column_spacing=&#8220;50&#8243;][vc_column width=&#8220;2\/3&#8243;]<div class=\"vcex-module vcex-form-shortcode wpex-form full-width-input\" style=\"font-size:14px;\">\n<div class=\"wpcf7 no-js\" id=\"wpcf7-f4-o1\" lang=\"en-US\" dir=\"ltr\" data-wpcf7-id=\"4\">\n<div class=\"screen-reader-response\"><p role=\"status\" aria-live=\"polite\" aria-atomic=\"true\"><\/p> <ul><\/ul><\/div>\n<form action=\"\/index.php?rest_route=%2Fwp%2Fv2%2Fpages%2F63#wpcf7-f4-o1\" method=\"post\" class=\"wpcf7-form init\" aria-label=\"Contact form\" novalidate=\"novalidate\" data-status=\"init\">\n<fieldset class=\"hidden-fields-container\"><input type=\"hidden\" name=\"_wpcf7\" value=\"4\" \/><input type=\"hidden\" name=\"_wpcf7_version\" value=\"6.1.5\" \/><input type=\"hidden\" name=\"_wpcf7_locale\" value=\"en_US\" \/><input type=\"hidden\" name=\"_wpcf7_unit_tag\" value=\"wpcf7-f4-o1\" \/><input type=\"hidden\" name=\"_wpcf7_container_post\" value=\"0\" \/><input type=\"hidden\" name=\"_wpcf7_posted_data_hash\" value=\"\" \/>\n<\/fieldset>\n<div class=\"full-width-input\">\n\t<p><span class=\"wpcf7-form-control-wrap\" data-name=\"your-name\"><input size=\"40\" maxlength=\"400\" class=\"wpcf7-form-control wpcf7-text wpcf7-validates-as-required\" aria-required=\"true\" aria-invalid=\"false\" value=\"Name\" type=\"text\" name=\"your-name\" \/><\/span>\n\t<\/p>\n\t<p><span class=\"wpcf7-form-control-wrap\" data-name=\"your-email\"><input size=\"40\" maxlength=\"400\" class=\"wpcf7-form-control wpcf7-email wpcf7-validates-as-required wpcf7-text wpcf7-validates-as-email\" aria-required=\"true\" aria-invalid=\"false\" value=\"E-Mail\" type=\"email\" name=\"your-email\" \/><\/span>\n\t<\/p>\n\t<p><span class=\"wpcf7-form-control-wrap\" data-name=\"your-message\"><textarea cols=\"40\" rows=\"10\" maxlength=\"2000\" class=\"wpcf7-form-control wpcf7-textarea\" aria-invalid=\"false\" name=\"your-message\">Nachricht<\/textarea><\/span>\n\t<\/p>\n\t<p><input class=\"wpcf7-form-control wpcf7-submit has-spinner\" type=\"submit\" value=\"Senden\" \/>\n\t<\/p>\n<\/div><div class=\"wpcf7-response-output\" aria-hidden=\"true\"><\/div>\n<\/form>\n<\/div>\n<\/div>[\/vc_column][vc_column width=&#8220;1\/3&#8243;][vc_column_text responsive_text=&#8220;true&#8220; text_align=&#8220;left&#8220; font_size=&#8220;px&#8220;]\n<div class=\"right\">\n<h3><strong>Kontaktdaten:<\/strong><\/h3>\n<p>Berliner Schneehasen e.V.<\/p>\n<\/div>\n<div class=\"left\">\n<div class=\"ce_text block\">\n<div>Sch\u00f6nflie\u00dfer Stra\u00dfe 12 A<\/div>\n<div>13465 Berlin<br \/>\nTelefon 030 4010 3537<\/div>\n<div>Telefax 030 4010 8082<br \/>\nemail: <a href=\"mailto:info@berliner-schneehasen.de\">info@berliner-schneehasen.de<\/a><\/div>\n<\/div>\n<\/div>\n[\/vc_column_text][\/vc_column][\/vc_row][vc_row full_width=&#8220;stretch_row&#8220; remove_bottom_col_margin=&#8220;true&#8220; css=&#8220;.vc_custom_1588597375245{margin-top: 0px !important;padding-top: 80px !important;padding-bottom: 80px !important;background-image: url(http:\/\/berliner-schneehasen.com\/wp-content\/uploads\/2020\/02\/titel-oben-dunkler.jpg?id=280) !important;background-position: center !important;background-repeat: no-repeat !important;background-size: cover !important;}&#8220; el_class=&#8220;bg-fixed&#8220;][vc_column margin_bottom=&#8220;0px&#8220;][vc_column_text responsive_text=&#8220;true&#8220; text_align=&#8220;left&#8220; font_size=&#8220;18px&#8220; color=&#8220;#ffffff&#8220;]\n<p style=\"text-align: center;\">Sandra Kesler in unserer Gesch\u00e4ftsstelle freut sich \u00fcber Ihren Anruf.<\/p>\n[\/vc_column_text]<div class=\"vcex-spacing\" style=\"height:10px\"><\/div>[vc_column_text responsive_text=&#8220;true&#8220; text_align=&#8220;left&#8220; font_size=&#8220;18px&#8220; color=&#8220;#ffffff&#8220;]\n<p style=\"text-align: center;\">\u00d6ffnungszeiten der Gesch\u00e4ftsstelle : Dienstag von 10-13 Uhr und Donnerstag von 15-18 Uhr<\/p>\n[\/vc_column_text][\/vc_column][\/vc_row]\n","protected":false},"excerpt":{"rendered":"<p>[vc_row center_row=&#8220;&#8220;][vc_column][vc_column_text responsive_text=&#8220;true&#8220; text_align=&#8220;left&#8220; font_size=&#8220;18px&#8220; color=&#8220;#316dc5&#8243;]Haben Sie Fragen, Anregungen oder m\u00f6chten Sie sich als \u00dcbungsleiter, Trainer oder Helfer bei uns bewerben, dann sind Sie hier richtig.[\/vc_column_text][\/vc_column][\/vc_row][vc_row column_spacing=&#8220;50&#8243;][vc_column width=&#8220;2\/3&#8243;][\/vc_column][vc_column width=&#8220;1\/3&#8243;][vc_column_text responsive_text=&#8220;true&#8220; text_align=&#8220;left&#8220; font_size=&#8220;px&#8220;] Kontaktdaten: Berliner Schneehasen e.V. Sch\u00f6nflie\u00dfer Stra\u00dfe 12 A 13465 Berlin Telefon 030 4010 3537 Telefax 030 4010 8082 email: info@berliner-schneehasen.de [\/vc_column_text][\/vc_column][\/vc_row][vc_row full_width=&#8220;stretch_row&#8220; remove_bottom_col_margin=&#8220;true&#8220;&hellip;<\/p>\n","protected":false},"author":1,"featured_media":0,"parent":0,"menu_order":0,"comment_status":"open","ping_status":"open","template":"","meta":{"footnotes":""},"class_list":["post-63","page","type-page","status-publish","hentry","entry","no-media"],"_links":{"self":[{"href":"https:\/\/berliner-schneehasen.com\/index.php?rest_route=\/wp\/v2\/pages\/63","targetHints":{"allow":["GET"]}}],"collection":[{"href":"https:\/\/berliner-schneehasen.com\/index.php?rest_route=\/wp\/v2\/pages"}],"about":[{"href":"https:\/\/berliner-schneehasen.com\/index.php?rest_route=\/wp\/v2\/types\/page"}],"author":[{"embeddable":true,"href":"https:\/\/berliner-schneehasen.com\/index.php?rest_route=\/wp\/v2\/users\/1"}],"replies":[{"embeddable":true,"href":"https:\/\/berliner-schneehasen.com\/index.php?rest_route=%2Fwp%2Fv2%2Fcomments&post=63"}],"version-history":[{"count":22,"href":"https:\/\/berliner-schneehasen.com\/index.php?rest_route=\/wp\/v2\/pages\/63\/revisions"}],"predecessor-version":[{"id":685,"href":"https:\/\/berliner-schneehasen.com\/index.php?rest_route=\/wp\/v2\/pages\/63\/revisions\/685"}],"wp:attachment":[{"href":"https:\/\/berliner-schneehasen.com\/index.php?rest_route=%2Fwp%2Fv2%2Fmedia&parent=63"}],"curies":[{"name":"wp","href":"https:\/\/api.w.org\/{rel}","templated":true}]}}