{"id":419,"date":"2020-02-15T22:59:58","date_gmt":"2020-02-15T21:59:58","guid":{"rendered":"https:\/\/berliner-schneehasen.com%20?page_id=419"},"modified":"2020-11-19T17:22:09","modified_gmt":"2020-11-19T16:22:09","slug":"impressum","status":"publish","type":"page","link":"https:\/\/berliner-schneehasen.com\/?page_id=419","title":{"rendered":"Impressum"},"content":{"rendered":"[vc_row center_row=&#8220;&#8220; css=&#8220;.vc_custom_1581792230179{margin-bottom: 40px !important;}&#8220;][vc_column][vc_column_text responsive_text=&#8220;true&#8220; text_align=&#8220;left&#8220; font_size=&#8220;18px&#8220;]\n<div id=\"impressum-2018\" class=\"mod_article block\">\n<h1 class=\"ce_headline\">Impressum<\/h1>\n<div class=\"ce_text block\">\n<h3>Angaben gem\u00e4\u00df \u00a7 5 TMG<\/h3>\n<p>Berliner Schneehasen e. V.<br \/>\nSch\u00f6nflie\u00dfer Stra\u00dfe 12a<br \/>\n13465 Berlin<\/p>\n<\/div>\n<div class=\"ce_text block\">\n<h3>Vertreten durch<\/h3>\n<p>Matthias Mikolajski<br \/>\nDr. Helmut Kesler<\/p>\n<\/div>\n<div class=\"ce_text block\">\n<h3>Kontakt<\/h3>\n<p>Telefon: +49 (0) 30 401 035 37<br \/>\nTelefax: +49 (0) 30 401 080 82<br \/>\nE-Mail: <a class=\"email\" href=\"mailto:info@berliner-schneehasen.de\">info@berliner-schneehasen.de<\/a><\/p>\n<\/div>\n<div class=\"ce_text block\">\n<h3>Registereintrag<\/h3>\n<p>Eintragung im Vereinsregister.<br \/>\nRegistergericht: Amtsgericht Berlin Charlottenburg<br \/>\nRegisternummer: VR 3503<\/p>\n<\/div>\n<div class=\"ce_text block\">\n<h3>Streitschlichtung<\/h3>\n<p>Wir sind nicht bereit oder verpflichtet, an Streitbeilegungsverfahren vor einer Verbraucherschlichtungsstelle teilzunehmen.<\/p>\n<\/div>\n<\/div>\n<div id=\"haftungsausschluss-disclaimer-2018\" class=\"mod_article block\">\n<div class=\"ce_text block\">\n<h3>Haftung f\u00fcr Inhalte<\/h3>\n<p>Als Diensteanbieter sind wir gem\u00e4\u00df \u00a7 7 Abs.1 TMG f\u00fcr eigene Inhalte auf diesen Seiten nach den allgemeinen Gesetzen verantwortlich. Nach \u00a7\u00a7 8 bis 10 TMG sind wir als Diensteanbieter jedoch nicht verpflichtet, \u00fcbermittelte oder gespeicherte fremde Informationen zu \u00fcberwachen oder nach Umst\u00e4nden zu forschen, die auf eine rechtswidrige T\u00e4tigkeit hinweisen.<\/p>\n<p>Verpflichtungen zur Entfernung oder Sperrung der Nutzung von Informationen nach den allgemeinen Gesetzen bleiben hiervon unber\u00fchrt. Eine diesbez\u00fcgliche Haftung ist jedoch erst ab dem Zeitpunkt der Kenntnis einer konkreten Rechtsverletzung m\u00f6glich. Bei Bekanntwerden von entsprechenden Rechtsverletzungen werden wir diese Inhalte umgehend entfernen.<\/p>\n<\/div>\n<div class=\"ce_text block\">\n<h3>Haftung f\u00fcr Links<\/h3>\n<p>Unser Angebot enth\u00e4lt Links zu externen Websites Dritter, auf deren Inhalte wir keinen Einfluss haben. Deshalb k\u00f6nnen wir f\u00fcr diese fremden Inhalte auch keine Gew\u00e4hr \u00fcbernehmen. F\u00fcr die Inhalte der verlinkten Seiten ist stets der jeweilige Anbieter oder Betreiber der Seiten verantwortlich. Die verlinkten Seiten wurden zum Zeitpunkt der Verlinkung auf m\u00f6gliche Rechtsverst\u00f6\u00dfe \u00fcberpr\u00fcft. Rechtswidrige Inhalte waren zum Zeitpunkt der Verlinkung nicht erkennbar.<\/p>\n<p>Eine permanente inhaltliche Kontrolle der verlinkten Seiten ist jedoch ohne konkrete Anhaltspunkte einer Rechtsverletzung nicht zumutbar. Bei Bekanntwerden von Rechtsverletzungen werden wir derartige Links umgehend entfernen.<\/p>\n<\/div>\n<div class=\"ce_text block\">\n<h3>Urheberrecht<\/h3>\n<p>Die durch die Seitenbetreiber erstellten Inhalte und Werke auf diesen Seiten unterliegen dem deutschen Urheberrecht. Die Vervielf\u00e4ltigung, Bearbeitung, Verbreitung und jede Art der Verwertung au\u00dferhalb der Grenzen des Urheberrechtes bed\u00fcrfen der schriftlichen Zustimmung des jeweiligen Autors bzw. Erstellers. Downloads und Kopien dieser Seite sind nur f\u00fcr den privaten, nicht kommerziellen Gebrauch gestattet.<\/p>\n<p>Soweit die Inhalte auf dieser Seite nicht vom Betreiber erstellt wurden, werden die Urheberrechte Dritter beachtet. Insbesondere werden Inhalte Dritter als solche gekennzeichnet. Sollten Sie trotzdem auf eine Urheberrechtsverletzung aufmerksam werden, bitten wir um einen entsprechenden Hinweis. Bei Bekanntwerden von Rechtsverletzungen werden wir derartige Inhalte umgehend entfernen.<\/p>\n<\/div>\n<\/div>\n[\/vc_column_text][\/vc_column][\/vc_row]\n","protected":false},"excerpt":{"rendered":"<p>[vc_row center_row=&#8220;&#8220; css=&#8220;.vc_custom_1581792230179{margin-bottom: 40px !important;}&#8220;][vc_column][vc_column_text responsive_text=&#8220;true&#8220; text_align=&#8220;left&#8220; font_size=&#8220;18px&#8220;] Impressum Angaben gem\u00e4\u00df \u00a7 5 TMG Berliner Schneehasen e. V. Sch\u00f6nflie\u00dfer Stra\u00dfe 12a 13465 Berlin Vertreten durch Matthias Mikolajski Dr. Helmut Kesler Kontakt Telefon: +49 (0) 30 401 035 37 Telefax: +49 (0) 30 401 080 82 E-Mail: info@berliner-schneehasen.de Registereintrag Eintragung im Vereinsregister. Registergericht: Amtsgericht Berlin Charlottenburg&hellip;<\/p>\n","protected":false},"author":1,"featured_media":0,"parent":0,"menu_order":0,"comment_status":"closed","ping_status":"closed","template":"","meta":{"footnotes":""},"class_list":["post-419","page","type-page","status-publish","hentry","entry","no-media"],"_links":{"self":[{"href":"https:\/\/berliner-schneehasen.com\/index.php?rest_route=\/wp\/v2\/pages\/419","targetHints":{"allow":["GET"]}}],"collection":[{"href":"https:\/\/berliner-schneehasen.com\/index.php?rest_route=\/wp\/v2\/pages"}],"about":[{"href":"https:\/\/berliner-schneehasen.com\/index.php?rest_route=\/wp\/v2\/types\/page"}],"author":[{"embeddable":true,"href":"https:\/\/berliner-schneehasen.com\/index.php?rest_route=\/wp\/v2\/users\/1"}],"replies":[{"embeddable":true,"href":"https:\/\/berliner-schneehasen.com\/index.php?rest_route=%2Fwp%2Fv2%2Fcomments&post=419"}],"version-history":[{"count":3,"href":"https:\/\/berliner-schneehasen.com\/index.php?rest_route=\/wp\/v2\/pages\/419\/revisions"}],"predecessor-version":[{"id":1052,"href":"https:\/\/berliner-schneehasen.com\/index.php?rest_route=\/wp\/v2\/pages\/419\/revisions\/1052"}],"wp:attachment":[{"href":"https:\/\/berliner-schneehasen.com\/index.php?rest_route=%2Fwp%2Fv2%2Fmedia&parent=419"}],"curies":[{"name":"wp","href":"https:\/\/api.w.org\/{rel}","templated":true}]}}